se 10) to base 11.
-34648
What is -4102200 (base 5) in base 16?
-10185
Convert 443610 (base 11) to base 14.
145b98
-3d6423 (base 14) to base 5
-1021131114
What is 10011001011011110001 (base 2) in base 16?
996f1
What is 22320011321 (base 4) in base 14?
5430c9
Convert -220075 (base 11) to base 14.
-9212a
Convert 1b7ca8 (base 16) to base 11.
1020452
Convert -49135 (base 12) to base 7.
-560462
-2e3580 (base 15) to base 9
-4182133
What is 100110000110011000100 (base 2) in base 13?
34933a
What is -1350001 (base 6) in base 16?
-12ab1
Convert -10a6b89 (base 12) to base 9.
-6024876
What is 46349 (base 14) in base 11?
107346
-111101110010100001110 (base 2) to base 13
-55b777
1209969 (base 12) to base 2
1101010110101000100001
Convert -1321411 (base 5) to base 12.
-133a9
What is -585781 (base 10) in base 14?
-113697
What is -1634544 (base 8) in base 14?
-c4776
2022122102222 (base 3) to base 9
2278388
Convert 3420114 (base 7) to base 13.
11b602
Convert -1657247 (base 9) to base 11.
-581112
What is 3071044 (base 9) in base 14?
30a079
-17b18 (base 14) to base 11
-40a26
What is -301345 (base 6) in base 7?
-126020
-716381 (base 10) to base 6
-23204325
-1b833 (base 13) to base 4
-31031222
Convert 31630 (base 10) to base 15.
958a
11865e (base 16) to base 10
1148510
Convert -232112231 (base 4) to base 15.
-3b3ce
What is -20001000001101 (base 3) in base 13?
-884455
Convert 353416 (base 11) to base 12.
230698
Convert -4068261 (base 11) to base 15.
-96dd82
-99a4a (base 12) to base 14
-54322
-313301321 (base 4) to base 15
-47a68
What is -2556004 (base 10) in base 15?
-357504
-22771a (base 15) to base 8
-6215251
What is -5a731 (base 16) in base 4?
-1122130301
What is 413252255 (base 6) in base 13?
1639556
Convert -12030143 (base 5) to base 14.
-2c7bc
d16c49 (base 14) to base 16
6b8f31
What is -3666701 (base 9) in base 16?
-1e68dd
14215021 (base 7) to base 11
82a734
What is 565396 (base 11) in base 8?
3336200
What is 6745068 (base 9) in base 16?
376b44
What is -10720074 (base 8) in base 5?
-1044203110
-131422233 (base 5) to base 4
-2133311211
Convert 10210221 (base 4) to base 12.
aa09
What is 64362 (base 14) in base 5?
30222041
-100001001001001111 (base 2) to base 10
-135759
Convert 25ac1 (base 15) to base 11.
82637
Convert 2541321 (base 7) to base 13.
b6c49
-3014862 (base 9) to base 13
-442415
-138850 (base 15) to base 7
-10663614
1605608 (base 9) to base 7
10364246
226663 (base 8) to base 3
10220221120
-12207 (base 13) to base 5
-2031200
144b82 (base 12) to base 6
11143442
Convert -7025810 (base 11) to base 15.
-115a448
What is -a036bd (base 14) in base 8?
-24433047
What is -59b33b (base 16) in base 2?
-10110011011001100111011
Convert -2e752c (base 16) to base 10.
-3044652
What is 152b9b3 (base 14) in base 10?
10327593
What is 21112201220102 (base 3) in base 2?
1111010011000010101111
What is 13b878 (base 16) in base 7?
13661645
Convert -1564b5 (base 15) to base 12.
-41a338
1368326 (base 9) to base 12
304459
Convert -185217 (base 9) to base 11.
-79743
Convert -101110101111111001010 (base 2) to base 8.
-5657712
-100011111101011111 (base 2) to base 12
-712a7
-211221010220 (base 3) to base 13
-12a599
What is 111000101101101100 (base 2) in base 6?
4551244
Convert -5723712 (base 9) to base 2.
-1011110001100001100011
Convert -200221112122 (base 3) to base 10.
-372914
-1cba77 (base 15) to base 6
-50050534
What is 230404012 (base 6) in base 14?
7c1cb6
What is -26109 (base 11) in base 14?
-d8b4
What is -36a0063 (base 12) in base 6?
-1020240203
a9868 (base 15) to base 14
10037d
What is 740376 (base 10) in base 5?
142143001
Convert -349598 (base 10) to base 4.
-1111112132
-11110010001100110101110 (base 2) to base 10
-7936430
Convert -16344153 (base 7) to base 13.
-439197
21b3b46 (base 13) to base 10
10347590
Convert 962c (base 15) to base 3.
1121120120
fd8e (base 16) to base 12
31692
What is 12121012101 (base 3) in base 11?
758a4
-1435733 (base 8) to base 10
-408539
What is 422020 (base 6) in base 9?
51743
Convert -2534a5 (base 12) to base 5.
-123412404
Convert 704bb7 (base 14) to base 13.
a23851
What is 68d6fe (base 16) in base 5?
3224331112
Convert 57439 (base 12) to base 6.
2254513
-7723457 (base 8) to base 6
-112243435
What is -2022120121012 (base 3) in base 11?
-771454
15467883 (base 10) to base 12
521b3a3
Convert -40402413 (base 7) to base 12.
-1161930
-112011100101002 (base 3) to base 10
-7525739
Convert -12201561 (base 9) to base 4.
-112300111102
63028 (base 9) to base 12
2008b
-12b189 (base 13) to base 14
-bb076
What is -31063040 (base 7) in base 10?
-2603741
What is 2221023102 (base 4) in base 14?
140762
What is -1020112021220 (base 3) in base 15?
-d0823
What is 11212111110021 (base 3) in base 11?
1508683
-170616 (base 8) to base 4
-33012032
Convert -20072775 (base 8) to base 15.
-586a8e
-330621 (base 7) to base 12
-29639
Convert -49f8a6 (base 16) to base 10.
-4847782
Convert 3403541 (base 9) to base 11.
10422a9
60413 (base 10) to base 14
18033
Convert -47247 (base 12) to base 3.
-11211211201
Convert -1010100100010000111 (base 2) to base 6.
-11230555
-768a8b (base 13) to base 8
-12510646
Convert -11010000010000001010111 (base 2) to base 5.
-3221332043
-4998e (base 16) to base 9
-508458
71254615 (base 8) to base 10
15030669
Convert 2426837 (base 9) to base 7.
14124253
-45236 (base 16) to base 6
-10023022
-cc9c2 (base 13) to base 16
-5a857
Convert 19566 (base 12) to base 7.
213060
What is -7b172 (base 16) in base 7?
-4166623
-78511 (base 11) to base 2
-11011110001011000
Convert 85653 (base 10) to base 14.
23301
-131013000 (base 5) to base 11
-3a9076
What is -162759 (base 13) in base 2?
-10000101110111010110
-12111244322 (base 5) to base 9
-28580471
1141424 (base 6) to base 10
59992
Convert -54030613 (base 7) to base 9.
-8574244
Convert -112000022021 (base 3) to base 8.
-1032511
What is -20345711 (base 8) in base 15?
-5a2974
Convert 1122411 (base 8) to base 7.
2405305
Convert -145101 (base 8) to base 16.
-ca41
-31638 (base 13) to base 10
-88941
What is -380452 (base 14) in base 9?
-3548013
Convert -1001010100100100110 (base 2) to base 8.
-1124446
2abc91 (base 13) to base 11
6602a5
What is 736624 (base 9) in base 2?
1101010111010010100
424b5 (base 12) to base 2
10101010001001001
Convert 106817 (base 11) to base 4.
221200213
Convert -208499 (base 10) to base 13.
-73b95
Convert 412673 (base 9) to base 5.
30313032
Convert 3042330 (base 6) to base 8.
434456
Convert -2114042004 (base 5) to base 14.
-838250
What is 203108 (base 11) in base 5?
40414344
Convert -19ab29 (base 12) to base 7.
-3601434
111101122222210 (base 3) to base 2
11011001001111101010111
What is 171111 (base 10) in base 14?
46503
Convert 156615 (base 10) to base 9.
257746
-376727 (base 11) to base 14
-116926
-11001111110101100110010 (base 2) to base 7
-111613306
9d7d8 (base 14) to base 4
1131200002
What is -b20a7 (base 13) in base 5?
-40144302
Convert -87855 (base 14) to base 15.
-67389
Convert 10130162 (base 7) to base 10.
847646
What is -39456 (base 15) in base 2?
-101100101110111111
-830 (base 11) to base 15
-46b
What is 66466313 (base 7) in base 16?
5772b9
Convert -977a (base 16) to base 15.
-b753
Convert -210037 (base 9) to base 2.
-11110011100010101
1100220102001 (base 3) to base 14
14ca06
Convert -112611 (base 7) to base 10.
-20196
-3460a86 (base 11) to base 13
-1339b28
-4858e9 (base 15) to base 9
-6455123
Convert -827b3 (base 12) to base 15.
-357ac
What is 40b9b (base 14) in base 11?
a719a
What is 1202077 (base 8) in base 9?
550876
What is 27a1d8 (base 14) in base 2?
101001111000011100010
Convert -21101013 (base 5) to base 14.
-47b77
Convert 1000000000010010011111 (base 2) to base 8.
10002237
135232 (base 7) to base 12
12b5a
What is 16833b (base 16) in base 15?
1e2242
100110101000011100 (base 2) to base 14
41948
21240120 (base 5) to base 3
100011211010
What is -760004 (base 9) in base 13?
-12b0a1
Convert 3a708 (base 15) to base 14.
4c320
4c928b (base 14) to base 11
1541657
Convert 1002303103 (base 4) to base 3.
111220100001
Convert -1621106 (base 8) to base 2.
-1110010001001000110
-48964 (base 13) to base 15
-297ed
Convert 39bd67 (base 15) to base 7.
32402110
b74b (base 16) to base 11
32288
What is 21be7 (base 16) in base 9?
230532
13041320 (base 6) to base 11
27069a
Convert 4124415 (base 6) to base